1*2 - -8))?
10
Let r = 56128 - 56064. Let t = 66 - 44. Calculate the remainder when r is divided by t.
20
Suppose 0 = -8*b - 56, -3*b = 5*i - 2632 - 9487. Calculate the remainder when i is divided by 81.
79
Suppose -85*i = -20*i + 223 - 1198. Calculate the remainder when 348 is divided by i.
3
Suppose -2*p = -1241 + 305. Suppose 3*t - p = -261. What is the remainder when t is divided by 19?
12
Let u = -23747 + 24795. Calculate the remainder when 1056 is divided by u.
8
Suppose -r + 3*m = 4*r + 4, -5*m - 2 = -4*r. Let j be 52/16 + -3 + r/8. Suppose j = -k + 20 + 57. What is the remainder when k is divided by 10?
7
Suppose -91*v - 4586 = -82755. Calculate the remainder when v is divided by 126.
103
Suppose 2*m + 2*w - 536 = 0, -5*m = -0*m - 2*w - 1347. Suppose 0 = 2*q - 10, -5*l + q = -116 - 29. What is the remainder when m is divided by l?
29
Suppose 25*o - 18*o = -1099. Calculate the remainder when 67 is divided by o/(-5) + 2/(-5).
5
Suppose 83 = 5*b + 3*h, b - 2*h = 2*h + 35. Calculate the remainder when 4*(-1 + 2) + (-41 - -168) is divided by b.
17
Suppose -462*m + 21112 = -85*m. Calculate the remainder when 530 is divided by m.
26
What is the remainder when (-30024)/(-40) + ((-18)/(-30))/(-1) is divided by 84?
78
Calculate the remainder when 1281 is divided by (-4)/(-3)*((-138)/(-644))/(2/2933).
24
Calculate the remainder when 2875 is divided by ((-4712)/114)/((-4)/3).
23
Suppose -143*a = 80*a - 344*a - 76*a + 788. Let o(q) = -q + 4*q - q. What is the remainder when o(3) is divided by a?
2
Let l = -12687 - -12610. Suppose 4*g - 5*b + 208 + 169 = 0, g + b = -92. Let f = l - g. What is the remainder when 29 is divided by f?
13
What is the remainder when 319 is divided by (-1 + (-6)/15)/(12/(-8280)*6)?
158
Let g(p) = -p**2 + 9*p - 53. Let t be g(8). What is the remainder when (-783)/t - (0 + 9/(-15)) is divided by 3?
0
Suppose 2*f + 2*q = 28, -9*f - 51 = -13*f - 5*q. What is the remainder when 3647 is divided by f?
18
Let y = -16258 + 16715. What is the remainder when y is divided by 152?
1
Let g = 11695 - 11458. Calculate the remainder when 715 is divided by g.
4
Suppose -5*d + 72 = -3*z, -z = -d + 19 + 3. Let n(k) = -2*k**3 - 37*k**2 + 15*k - 18. What is the remainder when n(z) is divided by 9?
4
Let u = 337 - 227. Let c(p) = -7 + p + 93*p**2 - 178*p**2 + 91*p**2. Calculate the remainder when u is divided by c(2).
15
Suppose 7970*r + 69600 = 7986*r. Calculate the remainder when r is divided by 16.
14
Suppose -5 = 7*q + 30. Let y be 2/q - (-136)/40. What is the remainder when (y + 9/(-6))/((-3)/(-234)) is divided by 30?
27
Let y(x) = -34 - 10*x + 31 + 6*x + 344*x**2. Calculate the remainder when y(-1) is divided by 12.
9
Let v(u) = 3*u**2 + 9*u - 3. Suppose 91*y - 89*y + 118 = 0. Let i = -67 - y. Calculate the remainder when v(i) is divided by 17.
15
Suppose 3*o + 251 = -4*u, -2*u + 0*o = -o + 133. Let h = u + 280. What is the remainder when (5/((-25)/h))/(-1) is divided by 15?
13
Let h(l) = -14*l + 24. Let s be h(6). Let g = s - -65. Suppose -2*m + 32 = 4*w, -71 = -4*m - 0*m - w. What is the remainder when m is divided by g?
3
Suppose -15 = -6*g - g + 6. Calculate the remainder when 1260 is divided by g.
0
Suppose -d - 335 = -5*u - 5*d, -5*u - 5*d = -330. Let s be (-3 - u)/((-2)/1). Suppose -59 = -8*a + s. Calculate the remainder when 33 is divided by a.
9
Suppose -3*m + 3 = 0, 3*g - 19 = -g - 3*m. Let r = 471 - 468. What is the remainder when g is divided by r?
1
Let g be ((-32)/5)/(2 - (-60)/(-25)). Let c be 28/8*g*(-6)/(-28). Calculate the remainder when 136 is divided by ((-86)/(-6) - -1)/(8/c).
21
Let a(o) = 5*o**3 - 3*o**2 + 39*o - 173. Calculate the remainder when a(5) is divided by 138.
20
Let r = 1347 + -1335. Calculate the remainder when 4304 is divided by r.
8
Let h(x) be the first derivative of 4*x**3/3 - x**2/2 - 10*x + 4. Let j be h(3). Let p = j + -18. Calculate the remainder when 22 is divided by p.
2
Suppose 235 = 5*w + 3*j + j, 0 = 4*j. Let s(g) = -g**3 - 9*g**2 - 4*g. Calculate the remainder when w is divided by s(-9).
11
Let o = -3977 - -3985. What is the remainder when 868 is divided by o?
4
Let y(d) = 45*d**2 - 254*d + 254. Let b = 41 - 15. Let a = -10 + b. What is the remainder when y(1) is divided by a?
13
Let q(c) = c. Let l(b) be the first derivative of 9*b**2 - 20*b - 4. Let n(x) = l(x) - q(x). What is the remainder when n(5) is divided by 11?
10
Suppose 0 = -5*m + 9*m + 5*q - 190708, 2*q - 143038 = -3*m. Calculate the remainder when m is divided by 33.
30
Let l = -5465 + 5479. Calculate the remainder when 906 is divided by l.
10
Suppose -6 = -17*g + 15*g. Let i(o) = -o - 27. Let b be i(-23). Let f(z) = -z**2 - 7*z - 9. What is the remainder when g is divided by f(b)?
0
Let b be 299/52*(2 + -10)/(-2). Suppose b = -4*k - 5*z + 144, -3*k + 47 = -5*z. Calculate the remainder when k is divided by 15.
9
Let d = 128 - 95. Let q = -36 + d. Calculate the remainder when 71 is divided by (51/21 + 1)/(q/(-21)).
23
Suppose 2*w + 2*h = 626, -15*w + 2*h = -13*w - 610. What is the remainder when 1/(1857/w + -6) is divided by 28?
19
Calculate the remainder when 660 is divided by (0 - 4/(-6)) + -5 + (-4060)/(-84).
0
Suppose 0 = -h + 153 - 155, 0 = -j - 2*h + 10. Let s = 23 + 16. What is the remainder when s is divided by j?
11
Suppose -119*l - 836 = -81*l. Let t(r) = r**2 + 24*r + 63. Suppose -4*d + 157 = 5*c - 92, 0 = -4*c - 3*d + 200. What is the remainder when c is divided by t(l)?
15
Let x = -13196 - -15618. What is the remainder when x is divided by 8?
6
Let o = 190 - 150. Calculate the remainder when 551 - (o/(-16) + (-10)/4) is divided by 62.
60
Suppose 0 = -11*f - 1780 - 739. Let q = f + 695. Calculate the remainder when (4 + -1)/(-5 - q/(-92)) is divided by 8.
6
Suppose -27439 - 30983 = -42*h. Calculate the remainder when h is divided by 15.
11
Let z(m) = m**2 - 183*m + 2268. Let j = -12 - -127. Calculate the remainder when j is divided by z(170).
57
Suppose 20 = 4*g - 4*f, 2*g + 4*f + 24 - 4 = 0. Let k(r) = r**3 + r + 23. Let c = 14 + -1. What is the remainder when k(g) is divided by c?
10
Suppose 39 = v + 5*u, -5*v + 21 + 59 = 2*u. Suppose 4*m - v = -4*f + 30, 5*f = 2*m + 69. What is the remainder when 61 is divided by f?
9
Let c(p) = -2*p**3 + 22*p**2 + 74*p - 6. Let u(f) = f**3 - 21*f**2 - 73*f + 5. Let o(h) = 2*c(h) + 3*u(h). Calculate the remainder when o(-14) is divided by 10.
7
What is the remainder when 434 is divided by (626 - 630)*(62/(-36) + (-2)/(-9))?
2
Suppose 3 = -4*v - 5. Calculate the remainder when -5 - (-12)/v*-43 is divided by 66.
55
Suppose 14*v - 4003 - 4407 = 11036. Calculate the remainder when v is divided by 30.
9
Suppose -3*s = -144 + 132. Suppose 455 = 4*y - 5*h + 10*h, 3*y - 349 = s*h. Calculate the remainder when y is divided by 33.
16
Let x be (-609)/(-14)*(-3 + 1)/(-1). Suppose x = -2*c + 97. Suppose c*w - 34 = -4*l + 81, -2*l = -5*w - 35. Calculate the remainder when l is divided by 6.
1
Suppose 3*g = 4*g - 7. Let o(x) = 4*x**2 - x**2 - 10*x**2 + 17 + x**3. Calculate the remainder when o(g) is divided by 7.
3
Suppose -17459 = -590*w + 511*w. What is the remainder when w is divided by 1/((-8)/12)*104/(-6)?
13
Suppose 10*n = 15*n - 25, 4*i = -4*n + 104. What is the remainder when 78 is divided by i?
15
Suppose -1063 = -23*s - 51. What is the remainder when 262 is divided by s?
42
Suppose 0 = -4*f + 4*p, -2*f + 21 = f + 4*p. Suppose -f*j - 4*b = -213, -3 = 9*b - 10*b. What is the remainder when j is divided by 16?
3
What is the remainder when 4335 + (63/(-13) - ((-12)/(-26))/3) is divided by 57?
55
Suppose 12*m = 11*m - 29. Let v = 22 - 17. Let c = v - m. Calculate the remainder when 101 is divided by c.
33
Let n = 33 - 30. Let q(f) be the third derivative of f**4/12 - 2*f**3 + 5*f**2. What is the remainder when q(9) is divided by n?
0
Let n = 37 - 32. Suppose -n*x - 2*g + 94 = 0, 3*x + 2*g + 3*g - 45 = 0. Suppose 0 = -l + x + 16. What is the remainder when l is divided by 16?
4
Let y(g) = -5*g**2 - 2*g - 4. Let b be y(3). What is the remainder when (-984)/(-10) + (-33)/b is divided by (-12)/(-9) + (348/9 - 6)?
31
Let s(n) = -n**3 + 40*n**2 - 74*n - 29. Let i be s(38). Suppose -235 = -5*m - z, m - z = 3*z + i. Calculate the remainder when 278 is divided by m.
43
Let c be -1 + 2 - 2 - (-31